{"id":1166,"date":"2020-01-13T11:17:52","date_gmt":"2020-01-13T11:17:52","guid":{"rendered":"https:\/\/demosites.io\/web-agency-gb\/?page_id=5"},"modified":"2025-01-08T11:16:40","modified_gmt":"2025-01-08T11:16:40","slug":"inicio","status":"publish","type":"page","link":"https:\/\/juanxdios.es\/","title":{"rendered":"Inicio"},"content":{"rendered":"\t\t<div data-elementor-type=\"wp-page\" data-elementor-id=\"1166\" class=\"elementor elementor-1166\">\n\t\t\t\t<div class=\"elementor-element elementor-element-aa71772 e-flex e-con-boxed e-con e-parent\" data-id=\"aa71772\" data-element_type=\"container\" data-core-v316-plus=\"true\">\n\t\t\t\t\t<div class=\"e-con-inner\">\n\t\t\t\t<div class=\"elementor-element elementor-element-9ba3647 elementor-widget__width-inherit elementor-widget elementor-widget-image\" data-id=\"9ba3647\" data-element_type=\"widget\" data-widget_type=\"image.default\">\n\t\t\t\t<div class=\"elementor-widget-container\">\n\t\t\t<style>\/*! elementor - v3.20.0 - 13-03-2024 *\/\n.elementor-widget-image{text-align:center}.elementor-widget-image a{display:inline-block}.elementor-widget-image a img[src$=\".svg\"]{width:48px}.elementor-widget-image img{vertical-align:middle;display:inline-block}<\/style>\t\t\t\t\t\t\t\t\t\t<img fetchpriority=\"high\" decoding=\"async\" width=\"1024\" height=\"682\" src=\"https:\/\/juanxdios.es\/wp-content\/uploads\/2025\/01\/IMG_1545-1024x682.jpg\" class=\"attachment-large size-large wp-image-1693\" alt=\"juanxdios\" srcset=\"https:\/\/juanxdios.es\/wp-content\/uploads\/2025\/01\/IMG_1545-1024x682.jpg 1024w, https:\/\/juanxdios.es\/wp-content\/uploads\/2025\/01\/IMG_1545-300x200.jpg 300w, https:\/\/juanxdios.es\/wp-content\/uploads\/2025\/01\/IMG_1545-768x512.jpg 768w, https:\/\/juanxdios.es\/wp-content\/uploads\/2025\/01\/IMG_1545-930x620.jpg 930w, https:\/\/juanxdios.es\/wp-content\/uploads\/2025\/01\/IMG_1545.jpg 1280w\" sizes=\"(max-width: 1024px) 100vw, 1024px\" \/>\t\t\t\t\t\t\t\t\t\t\t\t\t<\/div>\n\t\t\t\t<\/div>\n\t\t\t\t<div class=\"elementor-element elementor-element-be8c4bf elementor-widget elementor-widget-heading\" data-id=\"be8c4bf\" data-element_type=\"widget\" data-widget_type=\"heading.default\">\n\t\t\t\t<div class=\"elementor-widget-container\">\n\t\t\t<style>\/*! elementor - v3.20.0 - 13-03-2024 *\/\n.elementor-heading-title{padding:0;margin:0;line-height:1}.elementor-widget-heading .elementor-heading-title[class*=elementor-size-]>a{color:inherit;font-size:inherit;line-height:inherit}.elementor-widget-heading .elementor-heading-title.elementor-size-small{font-size:15px}.elementor-widget-heading .elementor-heading-title.elementor-size-medium{font-size:19px}.elementor-widget-heading .elementor-heading-title.elementor-size-large{font-size:29px}.elementor-widget-heading .elementor-heading-title.elementor-size-xl{font-size:39px}.elementor-widget-heading .elementor-heading-title.elementor-size-xxl{font-size:59px}<\/style><h4 class=\"elementor-heading-title elementor-size-default\"><h1 class=\"elementor-heading-title elementor-size-default elementor-inline-editing pen\" data-elementor-setting-key=\"title\" data-pen-placeholder=\"Teclea aqu\u00ed...\" style=\"font-size: var(--h1fontsize); font-weight: 600; font-family: var( --e-global-typography-primary-font-family ), Sans-serif; letter-spacing: normal; text-transform: none; color: rgb(255, 255, 255); text-align: center; background-color: rgb(0, 0, 0);\">Sal\u00f3n de Peluquer\u00eda<\/h1><\/h4>\t\t<\/div>\n\t\t\t\t<\/div>\n\t\t\t\t<div class=\"elementor-element elementor-element-110939d elementor-widget elementor-widget-text-editor\" data-id=\"110939d\" data-element_type=\"widget\" data-widget_type=\"text-editor.default\">\n\t\t\t\t<div class=\"elementor-widget-container\">\n\t\t\t<style>\/*! elementor - v3.20.0 - 13-03-2024 *\/\n.elementor-widget-text-editor.elementor-drop-cap-view-stacked .elementor-drop-cap{background-color:#69727d;color:#fff}.elementor-widget-text-editor.elementor-drop-cap-view-framed .elementor-drop-cap{color:#69727d;border:3px solid;background-color:transparent}.elementor-widget-text-editor:not(.elementor-drop-cap-view-default) .elementor-drop-cap{margin-top:8px}.elementor-widget-text-editor:not(.elementor-drop-cap-view-default) .elementor-drop-cap-letter{width:1em;height:1em}.elementor-widget-text-editor .elementor-drop-cap{float:left;text-align:center;line-height:1;font-size:50px}.elementor-widget-text-editor .elementor-drop-cap-letter{display:inline-block}<\/style>\t\t\t\t<h3 class=\"heading-decorate fadeInUp animated\" data-caption-animate=\"fadeInUp\" data-caption-delay=\"100\">Especialistas en salud capilar.<\/h3>\t\t\t\t\t\t<\/div>\n\t\t\t\t<\/div>\n\t\t\t\t\t<\/div>\n\t\t\t\t<\/div>\n\t\t\t\t<section class=\"elementor-section elementor-top-section elementor-element elementor-element-94f059c elementor-section-boxed elementor-section-height-default elementor-section-height-default\" data-id=\"94f059c\" data-element_type=\"section\" data-settings=\"{&quot;background_background&quot;:&quot;classic&quot;}\">\n\t\t\t\t\t\t\t<div class=\"elementor-background-overlay\"><\/div>\n\t\t\t\t\t\t\t<div class=\"elementor-container elementor-column-gap-default\">\n\t\t\t\t\t<div class=\"elementor-column elementor-col-100 elementor-top-column elementor-element elementor-element-c7e85fb\" data-id=\"c7e85fb\" data-element_type=\"column\">\n\t\t\t<div class=\"elementor-widget-wrap elementor-element-populated\">\n\t\t\t\t\t\t<div class=\"elementor-element elementor-element-6ed754a elementor-widget elementor-widget-text-editor\" data-id=\"6ed754a\" data-element_type=\"widget\" data-widget_type=\"text-editor.default\">\n\t\t\t\t<div class=\"elementor-widget-container\">\n\t\t\t\t\t\t\t<p class=\"big text-gray-800\">Todas sus formulas est\u00e1n libres de qu\u00edmicos da\u00f1inos, todas nuestras marcas se gu\u00edan por una pol\u00edtica de calidad muy estricta, para asegurar que los productos sean excelentes,que siempre se usen ingredientes aprobados y descartan aquellos que perjudican la salud.<\/p><p class=\"text-spacing-60\">Descubre t\u00fa mantra ideal para el cuidado del cabello.<\/p>\t\t\t\t\t\t<\/div>\n\t\t\t\t<\/div>\n\t\t\t\t<section class=\"elementor-section elementor-inner-section elementor-element elementor-element-5490420 elementor-section-boxed elementor-section-height-default elementor-section-height-default\" data-id=\"5490420\" data-element_type=\"section\" data-settings=\"{&quot;background_background&quot;:&quot;classic&quot;}\">\n\t\t\t\t\t\t<div class=\"elementor-container elementor-column-gap-default\">\n\t\t\t\t\t<div class=\"elementor-column elementor-col-100 elementor-inner-column elementor-element elementor-element-b5c0d84\" data-id=\"b5c0d84\" data-element_type=\"column\" data-settings=\"{&quot;background_background&quot;:&quot;classic&quot;}\">\n\t\t\t<div class=\"elementor-widget-wrap elementor-element-populated\">\n\t\t\t\t\t\t<div class=\"elementor-element elementor-element-20ad618 elementor-widget elementor-widget-heading\" data-id=\"20ad618\" data-element_type=\"widget\" data-widget_type=\"heading.default\">\n\t\t\t\t<div class=\"elementor-widget-container\">\n\t\t\t<h2 class=\"elementor-heading-title elementor-size-default\">Que te Ofrecemos<\/h2>\t\t<\/div>\n\t\t\t\t<\/div>\n\t\t\t\t\t<\/div>\n\t\t<\/div>\n\t\t\t\t\t<\/div>\n\t\t<\/section>\n\t\t\t\t<section class=\"elementor-section elementor-inner-section elementor-element elementor-element-b334844 elementor-section-boxed elementor-section-height-default elementor-section-height-default\" data-id=\"b334844\" data-element_type=\"section\" data-settings=\"{&quot;background_background&quot;:&quot;classic&quot;}\">\n\t\t\t\t\t\t<div class=\"elementor-container elementor-column-gap-default\">\n\t\t\t\t\t<div class=\"elementor-column elementor-col-33 elementor-inner-column elementor-element elementor-element-58294ab\" data-id=\"58294ab\" data-element_type=\"column\" data-settings=\"{&quot;background_background&quot;:&quot;classic&quot;}\">\n\t\t\t<div class=\"elementor-widget-wrap elementor-element-populated\">\n\t\t\t\t\t\t<div class=\"elementor-element elementor-element-d1abf77 elementor-widget elementor-widget-image\" data-id=\"d1abf77\" data-element_type=\"widget\" data-widget_type=\"image.default\">\n\t\t\t\t<div class=\"elementor-widget-container\">\n\t\t\t\t\t\t\t\t\t\t\t\t\t<img decoding=\"async\" width=\"1024\" height=\"682\" src=\"https:\/\/juanxdios.es\/wp-content\/uploads\/2025\/01\/team-1-370x370-1-1024x682.jpg\" class=\"attachment-large size-large wp-image-1697\" alt=\"juanxdios\" srcset=\"https:\/\/juanxdios.es\/wp-content\/uploads\/2025\/01\/team-1-370x370-1-1024x682.jpg 1024w, https:\/\/juanxdios.es\/wp-content\/uploads\/2025\/01\/team-1-370x370-1-300x200.jpg 300w, https:\/\/juanxdios.es\/wp-content\/uploads\/2025\/01\/team-1-370x370-1-768x512.jpg 768w, https:\/\/juanxdios.es\/wp-content\/uploads\/2025\/01\/team-1-370x370-1-930x620.jpg 930w, https:\/\/juanxdios.es\/wp-content\/uploads\/2025\/01\/team-1-370x370-1.jpg 1280w\" sizes=\"(max-width: 1024px) 100vw, 1024px\" \/>\t\t\t\t\t\t\t\t\t\t\t\t\t<\/div>\n\t\t\t\t<\/div>\n\t\t\t\t<div class=\"elementor-element elementor-element-fd4d46e elementor-widget elementor-widget-heading\" data-id=\"fd4d46e\" data-element_type=\"widget\" data-widget_type=\"heading.default\">\n\t\t\t\t<div class=\"elementor-widget-container\">\n\t\t\t<h3 class=\"elementor-heading-title elementor-size-default\"><h4 class=\"card-title mbr-fonts-style display-5\"><strong>Tratamientos Capilares <\/strong><\/h4>\n<\/h3>\t\t<\/div>\n\t\t\t\t<\/div>\n\t\t\t\t<div class=\"elementor-element elementor-element-dafc51e elementor-widget elementor-widget-text-editor\" data-id=\"dafc51e\" data-element_type=\"widget\" data-widget_type=\"text-editor.default\">\n\t\t\t\t<div class=\"elementor-widget-container\">\n\t\t\t\t\t\t\t<p class=\"p1\">Mobiliario completo para casas y oficinas<\/p>\t\t\t\t\t\t<\/div>\n\t\t\t\t<\/div>\n\t\t\t\t\t<\/div>\n\t\t<\/div>\n\t\t\t\t<div class=\"elementor-column elementor-col-33 elementor-inner-column elementor-element elementor-element-84d45d4\" data-id=\"84d45d4\" data-element_type=\"column\" data-settings=\"{&quot;background_background&quot;:&quot;classic&quot;}\">\n\t\t\t<div class=\"elementor-widget-wrap elementor-element-populated\">\n\t\t\t\t\t\t<div class=\"elementor-element elementor-element-730c433 elementor-widget elementor-widget-image\" data-id=\"730c433\" data-element_type=\"widget\" data-widget_type=\"image.default\">\n\t\t\t\t<div class=\"elementor-widget-container\">\n\t\t\t\t\t\t\t\t\t\t\t\t\t<img decoding=\"async\" width=\"539\" height=\"488\" src=\"https:\/\/juanxdios.es\/wp-content\/uploads\/2025\/01\/team-3-370x370-2.jpg\" class=\"attachment-large size-large wp-image-1708\" alt=\"juanxdios\" srcset=\"https:\/\/juanxdios.es\/wp-content\/uploads\/2025\/01\/team-3-370x370-2.jpg 539w, https:\/\/juanxdios.es\/wp-content\/uploads\/2025\/01\/team-3-370x370-2-300x272.jpg 300w\" sizes=\"(max-width: 539px) 100vw, 539px\" \/>\t\t\t\t\t\t\t\t\t\t\t\t\t<\/div>\n\t\t\t\t<\/div>\n\t\t\t\t<div class=\"elementor-element elementor-element-41ddd16 elementor-widget elementor-widget-heading\" data-id=\"41ddd16\" data-element_type=\"widget\" data-widget_type=\"heading.default\">\n\t\t\t\t<div class=\"elementor-widget-container\">\n\t\t\t<h3 class=\"elementor-heading-title elementor-size-default\"><h4 class=\"card-title mbr-fonts-style display-5\"><strong>Dise\u00f1o y depilaci\u00f3n con hilo<\/strong><\/h4><\/h3>\t\t<\/div>\n\t\t\t\t<\/div>\n\t\t\t\t<div class=\"elementor-element elementor-element-eb9589b elementor-widget elementor-widget-text-editor\" data-id=\"eb9589b\" data-element_type=\"widget\" data-widget_type=\"text-editor.default\">\n\t\t\t\t<div class=\"elementor-widget-container\">\n\t\t\t\t\t\t\t<p style=\"text-align: left;\">Elaboramos proyectos de decoraci\u00f3n en 3D<\/p>\t\t\t\t\t\t<\/div>\n\t\t\t\t<\/div>\n\t\t\t\t\t<\/div>\n\t\t<\/div>\n\t\t\t\t<div class=\"elementor-column elementor-col-33 elementor-inner-column elementor-element elementor-element-e6573a9\" data-id=\"e6573a9\" data-element_type=\"column\" data-settings=\"{&quot;background_background&quot;:&quot;classic&quot;}\">\n\t\t\t<div class=\"elementor-widget-wrap elementor-element-populated\">\n\t\t\t\t\t\t<div class=\"elementor-element elementor-element-f0925bf elementor-widget elementor-widget-image\" data-id=\"f0925bf\" data-element_type=\"widget\" data-widget_type=\"image.default\">\n\t\t\t\t<div class=\"elementor-widget-container\">\n\t\t\t\t\t\t\t\t\t\t\t\t\t<img loading=\"lazy\" decoding=\"async\" width=\"1024\" height=\"837\" src=\"https:\/\/juanxdios.es\/wp-content\/uploads\/2025\/01\/team-6-370x370-1.jpg\" class=\"attachment-1536x1536 size-1536x1536 wp-image-1709\" alt=\"juanxdios\" srcset=\"https:\/\/juanxdios.es\/wp-content\/uploads\/2025\/01\/team-6-370x370-1.jpg 1024w, https:\/\/juanxdios.es\/wp-content\/uploads\/2025\/01\/team-6-370x370-1-300x245.jpg 300w, https:\/\/juanxdios.es\/wp-content\/uploads\/2025\/01\/team-6-370x370-1-768x628.jpg 768w\" sizes=\"(max-width: 1024px) 100vw, 1024px\" \/>\t\t\t\t\t\t\t\t\t\t\t\t\t<\/div>\n\t\t\t\t<\/div>\n\t\t\t\t<div class=\"elementor-element elementor-element-9eec371 elementor-widget elementor-widget-heading\" data-id=\"9eec371\" data-element_type=\"widget\" data-widget_type=\"heading.default\">\n\t\t\t\t<div class=\"elementor-widget-container\">\n\t\t\t<h3 class=\"elementor-heading-title elementor-size-default\"><h4 class=\"card-title mbr-fonts-style display-5\"><strong>Manicura SPA<\/strong><\/h4><\/h3>\t\t<\/div>\n\t\t\t\t<\/div>\n\t\t\t\t<div class=\"elementor-element elementor-element-38b9d2a elementor-widget elementor-widget-text-editor\" data-id=\"38b9d2a\" data-element_type=\"widget\" data-widget_type=\"text-editor.default\">\n\t\t\t\t<div class=\"elementor-widget-container\">\n\t\t\t\t\t\t\t<div aria-hidden=\"true\">T<em>La manicura spa es un tratamiento m\u00e1s largo y complejo para las u\u00f1as de manos y pies<\/em>\u00a0que la manicura normal..<\/div>\t\t\t\t\t\t<\/div>\n\t\t\t\t<\/div>\n\t\t\t\t\t<\/div>\n\t\t<\/div>\n\t\t\t\t\t<\/div>\n\t\t<\/section>\n\t\t\t\t\t<\/div>\n\t\t<\/div>\n\t\t\t\t\t<\/div>\n\t\t<\/section>\n\t\t\t\t<section class=\"elementor-section elementor-top-section elementor-element elementor-element-c090c9f elementor-section-boxed elementor-section-height-default elementor-section-height-default\" data-id=\"c090c9f\" data-element_type=\"section\" data-settings=\"{&quot;background_background&quot;:&quot;classic&quot;}\">\n\t\t\t\t\t\t<div class=\"elementor-container elementor-column-gap-default\">\n\t\t\t\t\t<div class=\"elementor-column elementor-col-100 elementor-top-column elementor-element elementor-element-c225808\" data-id=\"c225808\" data-element_type=\"column\">\n\t\t\t<div class=\"elementor-widget-wrap elementor-element-populated\">\n\t\t\t\t\t\t<div class=\"elementor-element elementor-element-1b952e3 elementor-widget elementor-widget-heading\" data-id=\"1b952e3\" data-element_type=\"widget\" data-widget_type=\"heading.default\">\n\t\t\t\t<div class=\"elementor-widget-container\">\n\t\t\t<h3 class=\"elementor-heading-title elementor-size-default\"><h1 class=\"mbr-section-title mbr-fonts-style mb-4 display-2\"><strong>\u00a1Coloraci\u00f3n Vegana\nCruelty-free en tu pelo!<\/strong><\/h1><\/h3>\t\t<\/div>\n\t\t\t\t<\/div>\n\t\t\t\t<div class=\"elementor-element elementor-element-0f331ba elementor-widget elementor-widget-text-editor\" data-id=\"0f331ba\" data-element_type=\"widget\" data-widget_type=\"text-editor.default\">\n\t\t\t\t<div class=\"elementor-widget-container\">\n\t\t\t\t\t\t\t<p class=\"p1\">DOC Color<\/p>\t\t\t\t\t\t<\/div>\n\t\t\t\t<\/div>\n\t\t\t\t<div class=\"elementor-element elementor-element-4d1e10b elementor-align-center elementor-mobile-align-justify elementor-widget elementor-widget-button\" data-id=\"4d1e10b\" data-element_type=\"widget\" data-widget_type=\"button.default\">\n\t\t\t\t<div class=\"elementor-widget-container\">\n\t\t\t\t\t<div class=\"elementor-button-wrapper\">\n\t\t\t<a class=\"elementor-button elementor-button-link elementor-size-lg\" href=\"mailto:info@juanxdios.es\">\n\t\t\t\t\t\t<span class=\"elementor-button-content-wrapper\">\n\t\t\t\t\t\t<span class=\"elementor-button-text\">+ INFO<\/span>\n\t\t<\/span>\n\t\t\t\t\t<\/a>\n\t\t<\/div>\n\t\t\t\t<\/div>\n\t\t\t\t<\/div>\n\t\t\t\t\t<\/div>\n\t\t<\/div>\n\t\t\t\t\t<\/div>\n\t\t<\/section>\n\t\t<div class=\"elementor-element elementor-element-63e35f7 e-flex e-con-boxed e-con e-parent\" data-id=\"63e35f7\" data-element_type=\"container\" data-core-v316-plus=\"true\">\n\t\t\t\t\t<div class=\"e-con-inner\">\n\t\t\t\t<div class=\"elementor-element elementor-element-666e9b7 elementor-widget elementor-widget-image\" data-id=\"666e9b7\" data-element_type=\"widget\" data-widget_type=\"image.default\">\n\t\t\t\t<div class=\"elementor-widget-container\">\n\t\t\t\t\t\t\t\t\t\t\t\t\t\t<a href=\"https:\/\/planderecuperacion.gob.es\/identidad-visual\" target=\"_blank\">\n\t\t\t\t\t\t\t<img loading=\"lazy\" decoding=\"async\" width=\"1024\" height=\"169\" src=\"https:\/\/juanxdios.es\/wp-content\/uploads\/2024\/03\/6f463a8b78acf23d6d54fa63514f94eeb9be1802-1024x169.jpeg\" class=\"attachment-large size-large wp-image-1192\" alt=\"ley de publicidad\" srcset=\"https:\/\/juanxdios.es\/wp-content\/uploads\/2024\/03\/6f463a8b78acf23d6d54fa63514f94eeb9be1802-1024x169.jpeg 1024w, https:\/\/juanxdios.es\/wp-content\/uploads\/2024\/03\/6f463a8b78acf23d6d54fa63514f94eeb9be1802-300x50.jpeg 300w, https:\/\/juanxdios.es\/wp-content\/uploads\/2024\/03\/6f463a8b78acf23d6d54fa63514f94eeb9be1802-768x127.jpeg 768w, https:\/\/juanxdios.es\/wp-content\/uploads\/2024\/03\/6f463a8b78acf23d6d54fa63514f94eeb9be1802-1536x254.jpeg 1536w, https:\/\/juanxdios.es\/wp-content\/uploads\/2024\/03\/6f463a8b78acf23d6d54fa63514f94eeb9be1802.jpeg 1920w\" sizes=\"(max-width: 1024px) 100vw, 1024px\" \/>\t\t\t\t\t\t\t\t<\/a>\n\t\t\t\t\t\t\t\t\t\t\t\t\t<\/div>\n\t\t\t\t<\/div>\n\t\t\t\t\t<\/div>\n\t\t\t\t<\/div>\n\t\t\t\t<\/div>\n\t\t","protected":false},"excerpt":{"rendered":"<p>Sal\u00f3n de Peluquer\u00eda Especialistas en salud capilar. Todas sus formulas est\u00e1n libres de qu\u00edmicos da\u00f1inos, todas nuestras marcas se gu\u00edan por una pol\u00edtica de calidad muy estricta, para asegurar que&hellip;&nbsp;<a href=\"https:\/\/juanxdios.es\/\" class=\"\" rel=\"bookmark\">Leer m\u00e1s &raquo;<span class=\"screen-reader-text\">Inicio<\/span><\/a><\/p>\n","protected":false},"author":1,"featured_media":0,"parent":0,"menu_order":0,"comment_status":"closed","ping_status":"closed","template":"page-templates\/template-pagebuilder-full-width.php","meta":{"neve_meta_sidebar":"full-width","neve_meta_container":"default","neve_meta_enable_content_width":"on","neve_meta_content_width":100,"neve_meta_title_alignment":"","neve_meta_author_avatar":"","neve_post_elements_order":"","neve_meta_disable_header":"","neve_meta_disable_footer":"","neve_meta_disable_title":"on","_EventAllDay":false,"_EventTimezone":"","_EventStartDate":"","_EventEndDate":"","_EventStartDateUTC":"","_EventEndDateUTC":"","_EventShowMap":false,"_EventShowMapLink":false,"_EventURL":"","_EventCost":"","_EventCostDescription":"","_EventCurrencySymbol":"","_EventCurrencyCode":"","_EventCurrencyPosition":"","_EventDateTimeSeparator":"","_EventTimeRangeSeparator":"","_EventOrganizerID":[],"_EventVenueID":[],"_OrganizerEmail":"","_OrganizerPhone":"","_OrganizerWebsite":"","_VenueAddress":"","_VenueCity":"","_VenueCountry":"","_VenueProvince":"","_VenueState":"","_VenueZip":"","_VenuePhone":"","_VenueURL":"","_VenueStateProvince":"","_VenueLat":"","_VenueLng":"","_VenueShowMap":false,"_VenueShowMapLink":false,"_themeisle_gutenberg_block_has_review":false,"_kadence_starter_templates_imported_post":false,"_ti_tpc_template_sync":false,"_ti_tpc_template_id":"5udqur826ojgsxrmsxsc","footnotes":""},"class_list":["post-1166","page","type-page","status-publish","hentry"],"_links":{"self":[{"href":"https:\/\/juanxdios.es\/index.php\/wp-json\/wp\/v2\/pages\/1166","targetHints":{"allow":["GET"]}}],"collection":[{"href":"https:\/\/juanxdios.es\/index.php\/wp-json\/wp\/v2\/pages"}],"about":[{"href":"https:\/\/juanxdios.es\/index.php\/wp-json\/wp\/v2\/types\/page"}],"author":[{"embeddable":true,"href":"https:\/\/juanxdios.es\/index.php\/wp-json\/wp\/v2\/users\/1"}],"replies":[{"embeddable":true,"href":"https:\/\/juanxdios.es\/index.php\/wp-json\/wp\/v2\/comments?post=1166"}],"version-history":[{"count":201,"href":"https:\/\/juanxdios.es\/index.php\/wp-json\/wp\/v2\/pages\/1166\/revisions"}],"predecessor-version":[{"id":1713,"href":"https:\/\/juanxdios.es\/index.php\/wp-json\/wp\/v2\/pages\/1166\/revisions\/1713"}],"wp:attachment":[{"href":"https:\/\/juanxdios.es\/index.php\/wp-json\/wp\/v2\/media?parent=1166"}],"curies":[{"name":"wp","href":"https:\/\/api.w.org\/{rel}","templated":true}]}}