{"id":956,"date":"2023-02-17T15:52:13","date_gmt":"2023-02-17T15:52:13","guid":{"rendered":"https:\/\/library.startertemplatecloud.com\/g19\/?page_id=956"},"modified":"2025-01-08T11:27:59","modified_gmt":"2025-01-08T11:27:59","slug":"servicios","status":"publish","type":"page","link":"https:\/\/juanxdios.es\/index.php\/servicios\/","title":{"rendered":"SERVICIOS"},"content":{"rendered":"\t\t<div data-elementor-type=\"wp-page\" data-elementor-id=\"956\" class=\"elementor elementor-956\">\n\t\t\t\t<div class=\"elementor-element elementor-element-40f160ac e-flex e-con-boxed e-con e-parent\" data-id=\"40f160ac\" data-element_type=\"container\" data-core-v316-plus=\"true\">\n\t\t\t\t\t<div class=\"e-con-inner\">\n\t\t\t\t<div class=\"elementor-element elementor-element-14697ca elementor-widget elementor-widget-image\" data-id=\"14697ca\" data-element_type=\"widget\" data-widget_type=\"image.default\">\n\t\t\t\t<div class=\"elementor-widget-container\">\n\t\t\t<style>\/*! elementor - v3.20.0 - 13-03-2024 *\/\n.elementor-widget-image{text-align:center}.elementor-widget-image a{display:inline-block}.elementor-widget-image a img[src$=\".svg\"]{width:48px}.elementor-widget-image img{vertical-align:middle;display:inline-block}<\/style>\t\t\t\t\t\t\t\t\t\t<img fetchpriority=\"high\" decoding=\"async\" width=\"975\" height=\"717\" src=\"https:\/\/juanxdios.es\/wp-content\/uploads\/2025\/01\/IMG_1546.jpg\" class=\"attachment-large size-large wp-image-1724\" alt=\"juanxdios\" srcset=\"https:\/\/juanxdios.es\/wp-content\/uploads\/2025\/01\/IMG_1546.jpg 975w, https:\/\/juanxdios.es\/wp-content\/uploads\/2025\/01\/IMG_1546-300x221.jpg 300w, https:\/\/juanxdios.es\/wp-content\/uploads\/2025\/01\/IMG_1546-768x565.jpg 768w\" sizes=\"(max-width: 975px) 100vw, 975px\" \/>\t\t\t\t\t\t\t\t\t\t\t\t\t<\/div>\n\t\t\t\t<\/div>\n\t\t\t\t<div class=\"elementor-element elementor-element-57d2f6b elementor-widget elementor-widget-heading\" data-id=\"57d2f6b\" data-element_type=\"widget\" data-widget_type=\"heading.default\">\n\t\t\t\t<div class=\"elementor-widget-container\">\n\t\t\t<style>\/*! elementor - v3.20.0 - 13-03-2024 *\/\n.elementor-heading-title{padding:0;margin:0;line-height:1}.elementor-widget-heading .elementor-heading-title[class*=elementor-size-]>a{color:inherit;font-size:inherit;line-height:inherit}.elementor-widget-heading .elementor-heading-title.elementor-size-small{font-size:15px}.elementor-widget-heading .elementor-heading-title.elementor-size-medium{font-size:19px}.elementor-widget-heading .elementor-heading-title.elementor-size-large{font-size:29px}.elementor-widget-heading .elementor-heading-title.elementor-size-xl{font-size:39px}.elementor-widget-heading .elementor-heading-title.elementor-size-xxl{font-size:59px}<\/style><h2 class=\"elementor-heading-title elementor-size-default\"><h1 class=\"mbr-section-title mbr-fonts-style mb-4 display-2\" style=\"font-size: var(--h1fontsize); font-weight: var(--h1fontweight); font-family: Roboto, sans-serif; line-height: var(--h1lineheight); letter-spacing: normal; text-transform: none; color: rgb(0, 0, 0); text-align: center; white-space: normal;\"><strong>Nuestros servicios<\/strong><\/h1><div><strong><br><\/strong><\/div><p style=\"color: rgb(0, 0, 0); font-size: 17px; font-weight: 400; text-align: center; white-space: normal;\"><\/p><\/h2>\t\t<\/div>\n\t\t\t\t<\/div>\n\t\t\t\t<div class=\"elementor-element elementor-element-8b0fe1e elementor-widget elementor-widget-text-editor\" data-id=\"8b0fe1e\" data-element_type=\"widget\" data-widget_type=\"text-editor.default\">\n\t\t\t\t<div class=\"elementor-widget-container\">\n\t\t\t<style>\/*! elementor - v3.20.0 - 13-03-2024 *\/\n.elementor-widget-text-editor.elementor-drop-cap-view-stacked .elementor-drop-cap{background-color:#69727d;color:#fff}.elementor-widget-text-editor.elementor-drop-cap-view-framed .elementor-drop-cap{color:#69727d;border:3px solid;background-color:transparent}.elementor-widget-text-editor:not(.elementor-drop-cap-view-default) .elementor-drop-cap{margin-top:8px}.elementor-widget-text-editor:not(.elementor-drop-cap-view-default) .elementor-drop-cap-letter{width:1em;height:1em}.elementor-widget-text-editor .elementor-drop-cap{float:left;text-align:center;line-height:1;font-size:50px}.elementor-widget-text-editor .elementor-drop-cap-letter{display:inline-block}<\/style>\t\t\t\t<p>\u00a0Desde la experiencia de los a\u00f1os ponemos a vuestra disposici\u00f3n un servicio integral de la para asesorarte en el proceso de compra y decoraci\u00f3n de tu casa u oficina.<\/p>\t\t\t\t\t\t<\/div>\n\t\t\t\t<\/div>\n\t\t\t\t\t<\/div>\n\t\t\t\t<\/div>\n\t\t<div class=\"elementor-element elementor-element-59327d1 e-grid e-con-boxed e-con e-parent\" data-id=\"59327d1\" data-element_type=\"container\" data-core-v316-plus=\"true\">\n\t\t\t\t\t<div class=\"e-con-inner\">\n\t\t\t\t<div class=\"elementor-element elementor-element-e805a29 elementor-widget elementor-widget-image\" data-id=\"e805a29\" data-element_type=\"widget\" data-widget_type=\"image.default\">\n\t\t\t\t<div class=\"elementor-widget-container\">\n\t\t\t\t\t\t\t\t\t\t\t\t\t<img decoding=\"async\" width=\"819\" height=\"1024\" src=\"https:\/\/juanxdios.es\/wp-content\/uploads\/2025\/01\/services-1-270x458-1-819x1024.jpg\" class=\"attachment-large size-large wp-image-1694\" alt=\"juanxdios\" srcset=\"https:\/\/juanxdios.es\/wp-content\/uploads\/2025\/01\/services-1-270x458-1-819x1024.jpg 819w, https:\/\/juanxdios.es\/wp-content\/uploads\/2025\/01\/services-1-270x458-1-240x300.jpg 240w, https:\/\/juanxdios.es\/wp-content\/uploads\/2025\/01\/services-1-270x458-1-768x960.jpg 768w, https:\/\/juanxdios.es\/wp-content\/uploads\/2025\/01\/services-1-270x458-1.jpg 1024w\" sizes=\"(max-width: 819px) 100vw, 819px\" \/>\t\t\t\t\t\t\t\t\t\t\t\t\t<\/div>\n\t\t\t\t<\/div>\n\t\t\t\t<div class=\"elementor-element elementor-element-d990354 elementor-widget elementor-widget-image\" data-id=\"d990354\" data-element_type=\"widget\" data-widget_type=\"image.default\">\n\t\t\t\t<div class=\"elementor-widget-container\">\n\t\t\t\t\t\t\t\t\t\t\t\t\t<img decoding=\"async\" width=\"273\" height=\"184\" src=\"https:\/\/juanxdios.es\/wp-content\/uploads\/2025\/01\/depilacion.jpeg\" class=\"attachment-large size-large wp-image-1715\" alt=\"juanxdios\" \/>\t\t\t\t\t\t\t\t\t\t\t\t\t<\/div>\n\t\t\t\t<\/div>\n\t\t\t\t<div class=\"elementor-element elementor-element-fe0c55a elementor-widget elementor-widget-image\" data-id=\"fe0c55a\" data-element_type=\"widget\" data-widget_type=\"image.default\">\n\t\t\t\t<div class=\"elementor-widget-container\">\n\t\t\t\t\t\t\t\t\t\t\t\t\t<img loading=\"lazy\" decoding=\"async\" width=\"259\" height=\"194\" src=\"https:\/\/juanxdios.es\/wp-content\/uploads\/2025\/01\/manicura.jpeg\" class=\"attachment-large size-large wp-image-1716\" alt=\"juanxdios\" \/>\t\t\t\t\t\t\t\t\t\t\t\t\t<\/div>\n\t\t\t\t<\/div>\n\t\t\t\t<div class=\"elementor-element elementor-element-83071d6 elementor-widget elementor-widget-heading\" data-id=\"83071d6\" data-element_type=\"widget\" data-widget_type=\"heading.default\">\n\t\t\t\t<div class=\"elementor-widget-container\">\n\t\t\t<span class=\"elementor-heading-title elementor-size-default\">Tratamientos Capilares <br><span style=\"color: rgb(122, 122, 122); font-family: Roboto; font-size: 16px; font-weight: 400; white-space: normal;\">Una formulaci\u00f3n exclusiva se sustituye el agua con el aloe vera, espirulina, amino\u00e1cidos y aceites preciosos.<\/span><\/span>\t\t<\/div>\n\t\t\t\t<\/div>\n\t\t\t\t<div class=\"elementor-element elementor-element-7af4657 elementor-widget elementor-widget-heading\" data-id=\"7af4657\" data-element_type=\"widget\" data-widget_type=\"heading.default\">\n\t\t\t\t<div class=\"elementor-widget-container\">\n\t\t\t<span class=\"elementor-heading-title elementor-size-default\">Dise\u00f1o y depilaci\u00f3n con hilo<br style=\"font-size: 17px;\"><span style=\"font-size: 17px;\">\n <\/span><span style=\"color: rgb(122, 122, 122); font-family: Roboto; font-size: 16px; font-weight: 400; white-space: normal;\">La depilaci\u00f3n de cejas con hilo es una t\u00e9cnica milenaria que retira el vello de las cejas no deseado pr\u00e1cticamente sin esfuerzo.<\/span><\/span>\t\t<\/div>\n\t\t\t\t<\/div>\n\t\t\t\t<div class=\"elementor-element elementor-element-8f3c579 elementor-widget elementor-widget-heading\" data-id=\"8f3c579\" data-element_type=\"widget\" data-widget_type=\"heading.default\">\n\t\t\t\t<div class=\"elementor-widget-container\">\n\t\t\t<span class=\"elementor-heading-title elementor-size-default\">Manicura SPA<br style=\"font-size: 17px;\"><span style=\"font-size: 17px;\">\n<\/span> <span style=\"color: rgb(122, 122, 122); font-family: Roboto; font-size: 16px; font-weight: 400; white-space: normal;\">La manicura Spa es una experiencia relajante centrada en el cuidado de las manos, combinando salud, est\u00e9tica y relajaci\u00f3n..<br><\/span><\/span>\t\t<\/div>\n\t\t\t\t<\/div>\n\t\t\t\t\t<\/div>\n\t\t\t\t<\/div>\n\t\t\t\t<\/div>\n\t\t","protected":false},"excerpt":{"rendered":"<p>Nuestros servicios \u00a0Desde la experiencia de los a\u00f1os ponemos a vuestra disposici\u00f3n un servicio integral de la para asesorarte en el proceso de compra y decoraci\u00f3n de tu casa u&hellip;&nbsp;<a href=\"https:\/\/juanxdios.es\/index.php\/servicios\/\" class=\"\" rel=\"bookmark\">Leer m\u00e1s &raquo;<span class=\"screen-reader-text\">SERVICIOS<\/span><\/a><\/p>\n","protected":false},"author":1,"featured_media":0,"parent":0,"menu_order":0,"comment_status":"closed","ping_status":"closed","template":"","meta":{"neve_meta_sidebar":"full-width","neve_meta_container":"contained","neve_meta_enable_content_width":"on","neve_meta_content_width":100,"neve_meta_title_alignment":"","neve_meta_author_avatar":"","neve_post_elements_order":"","neve_meta_disable_header":"","neve_meta_disable_footer":"","neve_meta_disable_title":"on","_EventAllDay":false,"_EventTimezone":"","_EventStartDate":"","_EventEndDate":"","_EventStartDateUTC":"","_EventEndDateUTC":"","_EventShowMap":false,"_EventShowMapLink":false,"_EventURL":"","_EventCost":"","_EventCostDescription":"","_EventCurrencySymbol":"","_EventCurrencyCode":"","_EventCurrencyPosition":"","_EventDateTimeSeparator":"","_EventTimeRangeSeparator":"","_EventOrganizerID":[],"_EventVenueID":[],"_OrganizerEmail":"","_OrganizerPhone":"","_OrganizerWebsite":"","_VenueAddress":"","_VenueCity":"","_VenueCountry":"","_VenueProvince":"","_VenueState":"","_VenueZip":"","_VenuePhone":"","_VenueURL":"","_VenueStateProvince":"","_VenueLat":"","_VenueLng":"","_VenueShowMap":false,"_VenueShowMapLink":false,"_themeisle_gutenberg_block_has_review":false,"_kadence_starter_templates_imported_post":true,"_ti_tpc_template_sync":false,"_ti_tpc_template_id":"","footnotes":""},"class_list":["post-956","page","type-page","status-publish","hentry"],"_links":{"self":[{"href":"https:\/\/juanxdios.es\/index.php\/wp-json\/wp\/v2\/pages\/956","targetHints":{"allow":["GET"]}}],"collection":[{"href":"https:\/\/juanxdios.es\/index.php\/wp-json\/wp\/v2\/pages"}],"about":[{"href":"https:\/\/juanxdios.es\/index.php\/wp-json\/wp\/v2\/types\/page"}],"author":[{"embeddable":true,"href":"https:\/\/juanxdios.es\/index.php\/wp-json\/wp\/v2\/users\/1"}],"replies":[{"embeddable":true,"href":"https:\/\/juanxdios.es\/index.php\/wp-json\/wp\/v2\/comments?post=956"}],"version-history":[{"count":91,"href":"https:\/\/juanxdios.es\/index.php\/wp-json\/wp\/v2\/pages\/956\/revisions"}],"predecessor-version":[{"id":1727,"href":"https:\/\/juanxdios.es\/index.php\/wp-json\/wp\/v2\/pages\/956\/revisions\/1727"}],"wp:attachment":[{"href":"https:\/\/juanxdios.es\/index.php\/wp-json\/wp\/v2\/media?parent=956"}],"curies":[{"name":"wp","href":"https:\/\/api.w.org\/{rel}","templated":true}]}}